247 and t.
19
Let f be -4*1 + 14/7. Suppose -5*b + 20 = r - 0*r, 3*b = -4*r - 5. Let n be (f - -5) + (b - -52). Calculate the greatest common divisor of n and 40.
20
Suppose -2*k = 2*k - 120. Let x = 1079 - 779. Suppose -x = -0*d - 5*d. Calculate the highest common factor of d and k.
30
Suppose 2*a - 373 = 3*t - 4*t, 3*a - 549 = -3*t. Calculate the greatest common factor of 100 and a.
10
Let i be 33/6 - 5 - 66/(-12). Suppose i*s - 804 = -684. What is the highest common divisor of 160 and s?
20
Suppose -15*z = -38 + 113 - 660. Let v = -34 + 132. Let g = 137 - v. What is the greatest common divisor of g and z?
39
Let l(b) = 20 - 43 + 2*b - 51 - 3 - 11*b. Let h be l(-16). Calculate the greatest common factor of h and 1.
1
Let n = 102 - -15. Let w = 119 - n. Suppose -4*y - w = -6*y. What is the greatest common divisor of y and 4?
1
Let f(z) = z - 24. Let j be f(22). Let w be (j/(-1))/((-4)/(-68)). Calculate the highest common divisor of w and 6.
2
Suppose 2*h - 38 = -3*b, -89 + 38 = -4*b - 3*h. What is the highest common factor of b and 1194?
6
Let w = 110 - 22. Calculate the greatest common factor of w and 638.
22
Let n(b) = b**2 - 20*b + 546. Let o be n(0). Calculate the highest common factor of 12922 and o.
182
Let i(l) = l**3 + 28*l**2 - 28*l + 26. Let a be i(-29). Let p be 274 + 2 - a - 0. Calculate the highest common factor of 31 and p.
31
Suppose -41*u = -27*u - 210. Calculate the highest common divisor of u and 6780.
15
Let o = -44 - -54. Let w(h) be the third derivative of h**4/24 - h**3 - 2*h**2. Let x be w(11). What is the highest common factor of x and o?
5
Let t = 4173 - 4114. Suppose -3*g + 49 = -4*g. Let p = g + t. What is the highest common divisor of p and 15?
5
Let v(o) = 388*o + 6. Let g be v(-1). Let s = g + 408. Let p = -25 + 142. What is the greatest common divisor of p and s?
13
Let i(s) = -2*s**2 - 155*s + 2686. Let v be i(-92). Calculate the greatest common divisor of v and 8100.
18
Suppose 0 = 5*v + 15, -3*r + 63 = -3*v - 51. Suppose -r*s = 10*s - 315. Calculate the highest common factor of 371 and s.
7
Suppose 2*i + 4*o = 420, 2*i - 7*o = -8*o + 435. Calculate the highest common factor of i and 5170.
110
Let c(n) = -15*n - 81. Let a = 130 - 131. Let g be (a - -3)*63/(-18). Let w be c(g). What is the greatest common factor of 16 and w?
8
Let v(j) = 14*j - 136. Let h be v(10). Suppose 4 + 8 = h*r. Calculate the highest common divisor of r and 336.
3
Suppose p + f = 3 + 2, 20 = 4*p + 2*f. Suppose 4*x - 8*x + 905 = -5*i, 0 = 3*x - p*i - 685. What is the highest common divisor of 88 and x?
44
Let s be (-9)/(-15) + 1017/5. Let c(a) = -a**2 + 5*a + 224. Let x be c(-11). What is the highest common factor of s and x?
12
Suppose -298 = 31*w - 2437. What is the highest common divisor of w and 2806?
23
Suppose 9*m - 4*m - 4*n - 12 = 0, 3 = -2*m - n. Let j(f) = f**2 - 28*f + 54. Let x be j(m). Calculate the greatest common divisor of 4 and x.
2
Let j = -139 - -227. Suppose -2*s - 4*w = w + 31, 2*s + 4*w + 26 = 0. Let d = 5 - s. Calculate the highest common factor of j and d.
8
Let i = 6799 - 6106. Calculate the greatest common factor of 297 and i.
99
Let c = -92 - -157. Suppose 86 = b - 5*q, 6*q = -7*b + 3*b + 370. What is the highest common factor of b and c?
13
Let v = 5131 + -4949. Calculate the greatest common factor of v and 406.
14
Let h = 62 - 60. Let n = h + -2. Suppose -3*d + d + 2*w + 36 = n, d + w = 10. What is the greatest common factor of d and 154?
14
Suppose l = -5*g + 7466 + 775, 8259 = 5*g + 4*l. Calculate the greatest common divisor of 99 and g.
9
Suppose -6*z = -5*o - z + 155, 3*o + z - 85 = 0. Let b = 436 + -423. Let p = b + o. What is the highest common divisor of 84 and p?
42
Let h = -6033 - -6263. What is the highest common divisor of h and 60?
10
Let p(a) = -a**2 + 28*a - 14. Let s be p(26). Let d = -40 + 57. Suppose -19*j + 152 = -d*j. What is the highest common factor of s and j?
38
Suppose 16*x - 11*x - 5*n + 3030 = 0, 5*n + 10 = 0. Let t = x + 851. Calculate the highest common factor of 405 and t.
81
Let q = -126 + 217. Let l = q + -55. Let v be (-6)/(l/(-8) + 3). Calculate the greatest common divisor of v and 20.
4
Let r(c) = 1856*c**2 + 0*c + c**3 + 0*c - 1852*c**2 - 4. Let h be r(-3). Suppose -h = l - 61. What is the greatest common divisor of l and 56?
56
Let p = -230 - 94. Let g be p/63*14/(-3). Suppose -10*d = 3*d - 2184. What is the highest common divisor of g and d?
24
Suppose 3012*v + 455 = 3017*v. Calculate the highest common factor of 208 and v.
13
Suppose -3*n - 18 = -0*n. Let s be -2*(n/(-2) + (-38)/4). Let x = 104 + 0. What is the highest common factor of x and s?
13
Suppose -64 = 13634*i - 13618*i - 10080. Calculate the highest common divisor of i and 8.
2
Suppose 3855 = 38*a - 21. What is the highest common divisor of 119 and a?
17
Let f = -24 - 49. Let b = f + 184. Suppose -4*j - 9 = -0*y - y, -4*y = -j - b. What is the greatest common factor of 232 and y?
29
Suppose -348*x + 306517 - 74749 = 0. Calculate the highest common factor of 1554 and x.
222
Suppose 5*o + 6*o + 165 = 0. Let h be 6/o - 337/(-5). Suppose 23 = b - h. Calculate the highest common factor of b and 9.
9
Let d(l) = 15*l - 27. Suppose -11*n = -7*n - 28. Let a be d(n). Let z(p) = 28*p - 4. Let s be z(2). What is the greatest common factor of a and s?
26
Suppose 5*w = 2*q + 28640, 0 = -3*w + q + 5636 + 11547. Suppose 422 = 29*o - w. What is the highest common factor of o and 4?
4
Let g = 787 + -1381. Let w be (-16)/((-224)/(-6)) + g/(-14). What is the greatest common divisor of 24 and w?
6
Let l be (-725)/25*(7 + -17). What is the highest common divisor of 1566 and l?
58
Let n = -36 - -106. Let l(u) = -2*u + 4. Let s be -7 - (2 - 12/3). Let h be l(s). What is the highest common factor of n and h?
14
Suppose 2*a - 2237 = -12*s + 7*s, 3*s - 3 = 0. Calculate the greatest common divisor of 3100 and a.
124
Suppose 3667*z - 4*t - 65 = 3662*z, -3*t + 12 = 3*z. Suppose 7*c - 16 = 3*c. Let u(f) = 25*f - 1. Let i be u(c). What is the highest common divisor of i and z?
9
Let o(n) = -n**3 - 71*n**2 + 149*n + 223. Let s be o(-73). Let q(p) = -p**3 - 2*p**2 - p + 2. Let z be q(-2). Calculate the greatest common divisor of z and s.
4
Suppose -5*o - 2*i - 82 = -6*o, 0 = -o + i + 78. Let v be ((-119)/56 + 2/16)*-3. Let q be 6*v/24*148/2. What is the highest common factor of q and o?
37
Suppose 7*w + 14*w = -42. Let q(n) = -60*n + 25. Let c be q(w). What is the highest common divisor of 29 and c?
29
Suppose -5*r = -400 - 80. Suppose -4*x + 300 = 3*q, -5*x = -x - q - 284. What is the greatest common factor of x and r?
24
Suppose 0 = -20*y + 52*y + 928. Let r(h) = -45*h - 101. Let m be r(y). What is the highest common divisor of 28 and m?
28
Let v be (-12)/(-42) - 108/(-14). Suppose 511 = -98*t + 15799. What is the highest common factor of v and t?
4
Suppose 0 = -o + 158 - 875. Let p = 734 + o. What is the highest common divisor of 119 and p?
17
Suppose 4*o - 243 = -3*h - 43, 5*o + 164 = 2*h. Suppose 4*j + 0*j = -h. Let t be ((-3)/j)/(-1) + 25/6. What is the highest common factor of 4 and t?
4
Let g = 1 + -2. Let t(w) = -3*w**3. Let q be t(g). Let l(v) = v**3 - 61*v**2 + 141*v - 4839. Let a be l(60). What is the highest common factor of q and a?
3
Let z = -2 - -27. Let p be -3 + 0 + 3 - (-1 - 2). Suppose k = p*k - 3*j - 265, -5*j - 25 = 0. Calculate the greatest common factor of z and k.
25
Let q = -1157 - -1812. Let y = 657 - q. Let f = -30 + 48. What is the greatest common divisor of f and y?
2
Suppose -5*s + 5 = 0, -5*d + s - 394 + 10403 = 0. Suppose 16*u - 1310 = d. What is the greatest common factor of u and 9?
9
Let y(q) = 37*q + 58. Let t be y(6). Let r = t + -271. Let z(f) = -f**3 + 6*f**2 + 5*f - 3. Let p be z(6). What is the greatest common factor of p and r?
9
Suppose 23*k - 51*k + 126*k - 588 = 0. Calculate the greatest common divisor of k and 334.
2
Suppose -172*x - 24*x + 19208 = 0. What is the greatest common divisor of x and 637?
49
Suppose 18*h = -7521 - 7005. Let s = h + 1297. Calculate the greatest common divisor of 196 and s.
98
Suppose -n + 128*f + 154 = 131*f, 5*n = f + 770. Calculate the greatest common factor of 1162 and n.
14
Suppose -4*o + 5*b + 11 = -53, 32 = 4*o + 3*b. Let r(y) = 70*y - 390. Let z be r(o). What i